 factor of 3294?
True
Does 7 divide 37041?
False
Does 22 divide 7572114?
True
Is 39 a factor of 301197?
True
Is 771876 a multiple of 36?
True
Is 1214348 a multiple of 59?
False
Does 20 divide 15900?
True
Is 321056 a multiple of 2?
True
Does 15 divide 12853?
False
Is 653 a factor of 334399?
False
Is 205010 a multiple of 83?
True
Does 33 divide 609840?
True
Does 52 divide 486885?
False
Is 10956855 a multiple of 349?
True
Is 479504 a multiple of 1462?
False
Is 72206 a multiple of 16?
False
Does 1034 divide 2322268?
False
Is 122 a factor of 3687948?
False
Is 1613335 a multiple of 11?
False
Is 149 a factor of 723693?
True
Is 4938362 a multiple of 62?
True
Does 341 divide 4085500?
False
Does 32 divide 262464?
True
Does 28 divide 283164?
True
Is 4628623 a multiple of 486?
False
Does 15 divide 408105?
True
Is 198630 a multiple of 18?
True
Does 29 divide 51790?
False
Is 17 a factor of 3370454?
True
Does 815 divide 10401425?
False
Does 226 divide 160234?
True
Does 21 divide 60270?
True
Does 140 divide 266033?
False
Is 25883 a multiple of 181?
True
Is 70 a factor of 1448330?
False
Is 6906896 a multiple of 1928?
False
Is 474922 a multiple of 171?
False
Does 506 divide 562354?
False
Does 169 divide 441766?
True
Does 78 divide 2608710?
True
Is 490 a factor of 5074930?
True
Does 221 divide 360557?
False
Is 219 a factor of 4800114?
False
Is 6998970 a multiple of 635?
True
Is 17 a factor of 193545?
True
Is 76923 a multiple of 63?
True
Is 9833320 a multiple of 1254?
False
Is 41258 a multiple of 49?
True
Is 2806792 a multiple of 129?
False
Does 172 divide 9739374?
False
Is 50 a factor of 14242600?
True
Is 1900391 a multiple of 25?
False
Is 226850 a multiple of 13?
True
Does 9 divide 44603?
False
Is 515921 a multiple of 49?
True
Is 224007 a multiple of 26?
False
Does 505 divide 1296131?
False
Is 1874274 a multiple of 246?
True
Is 3908606 a multiple of 74?
True
Is 600206 a multiple of 146?
True
Is 42945 a multiple of 105?
True
Does 157 divide 22989?
False
Is 17840 a multiple of 5?
True
Is 84 a factor of 23625229?
False
Is 6 a factor of 69214?
False
Does 4 divide 81940?
True
Is 15 a factor of 15238905?
True
Does 423 divide 216153?
True
Does 12 divide 299688?
True
Does 5 divide 1370895?
True
Does 36 divide 27531?
False
Is 206121 a multiple of 118?
False
Does 40 divide 2302040?
True
Is 316 a factor of 1695823?
False
Is 16654 a multiple of 5?
False
Is 116232 a multiple of 232?
True
Is 59084 a multiple of 516?
False
Is 21 a factor of 15560433?
True
Is 36528740 a multiple of 1357?
False
Is 17 a factor of 44577196?
True
Does 208 divide 39472?
False
Is 211 a factor of 1224222?
True
Is 64 a factor of 349146?
False
Does 54 divide 972?
True
Does 1758 divide 12291936?
True
Does 62 divide 237394?
False
Is 20 a factor of 114820?
True
Does 3 divide 172514?
False
Does 195 divide 125190?
True
Is 539808 a multiple of 343?
False
Is 13 a factor of 352079?
True
Is 85061 a multiple of 35?
False
Is 13013013 a multiple of 93?
False
Does 151 divide 10711789?
True
Is 4 a factor of 146671?
False
Is 1097361 a multiple of 291?
True
Is 45 a factor of 2205180?
True
Does 31 divide 156012?
False
Is 173 a factor of 56219?
False
Does 39 divide 162942?
True
Is 164905 a multiple of 57?
False
Is 13921947 a multiple of 13?
True
Is 17 a factor of 1763583?
False
Does 128 divide 19648128?
True
Is 108 a factor of 85104?
True
Does 272 divide 1520699?
False
Does 3 divide 7386?
True
Is 1762559 a multiple of 39?
False
Is 67396 even?
True
Is 85736 a multiple of 14?
True
Does 71 divide 199936?
True
Does 52 divide 5267236?
True
Does 9 divide 209520?
True
Is 2236849 a multiple of 212?
False
Is 35700 a multiple of 19?
False
Is 11 a factor of 43850?
False
Does 4 divide 16804?
True
Is 413 a factor of 522445?
True
Is 133809 a multiple of 13?
True
Is 832 a factor of 141440?
True
Does 101 divide 733159?
True
Does 454 divide 3597476?
False
Is 22294650 a multiple of 1263?
False
Is 472098 a multiple of 933?
True
Is 156443 a multiple of 63?
False
Is 797636 a multiple of 11?
False
Is 32 a factor of 88800?
True
Is 185317 a multiple of 187?
True
Does 24 divide 5544?
True
Does 76 divide 278464?
True
Is 156390 a multiple of 26?
True
Does 18 divide 1793416?
False
Is 95295 a multiple of 5?
True
Does 186 divide 124760?
False
Is 40 a factor of 134832?
False
Does 76 divide 123978?
False
Is 8005492 a multiple of 347?
False
Is 84 a factor of 143889?
False
Is 198408 a multiple of 168?
True
Is 5005616 a multiple of 112?
True
Is 33 a factor of 22451?
False
Is 30 a factor of 3678494?
False
Is 11 a factor of 1529226?
False
Is 825519 a multiple of 146?
False
Is 382174 a multiple of 246?
False
Is 63450 a multiple of 15?
True
Does 180 divide 790259?
False
Is 1831310 a multiple of 65?
True
Is 233 a factor of 1754227?
False
Is 18 a factor of 37998?
True
Is 7089185 a multiple of 667?
False
Is 110 a factor of 7824?
False
Is 19710824 a multiple of 54?
False
Does 10 divide 6233?
False
Is 249951 a multiple of 142?
False
Is 9 a factor of 68517?
True
Does 551 divide 4616287?
False
Is 20928 a multiple of 51?
False
Is 133595 a multiple of 35?
True
Is 146 a factor of 3266020?
True
Is 110710 a multiple of 21?
False
Does 85 divide 269365?
True
Is 20385 a multiple of 7?
False
Is 488 a factor of 381128?
True
Is 25 a factor of 106587?
False
Is 97848 a multiple of 108?
True
Is 549 a factor of 8424349?
False
Does 46 divide 40705876?
False
Does 118 divide 8581078?
True
Is 1017 a factor of 390528?
True
Is 18441 a multiple of 73?
False
Is 38116 a multiple of 13?
True
Does 46 divide 228206?
True
Is 1499025 a multiple of 345?
True
Is 271 a factor of 518694?
True
Is 5441941 a multiple of 811?
False
Does 14 divide 10441256?
True
Does 204 divide 456756?
True
Is 19576 a multiple of 4?
True
Is 373 a factor of 140994?
True
Does 393 divide 2657530?
False
Is 102 a factor of 694723?
False
Is 75 a factor of 155400?
True
Is 9730877 a multiple of 191?
True
Is 9163431 a multiple of 381?
True
Does 142 divide 1804606?
False
Is 44 a factor of 49972?
False
Does 13 divide 45878?
False
Does 43 divide 4012803?
True
Does 47 divide 10510704?
True
Is 6 a factor of 823878?
True
Is 6 a factor of 626354?
False
Is 25 a factor of 289050?
True
Is 12 a factor of 157548?
True
Does 31 divide 135948?
False
Is 84084 a multiple of 294?
True
Is 2139441 a multiple of 108?
False
Is 94 a factor of 1674986?
True
Does 85 divide 442255?
True
Is 81 a factor of 68121?
True
Is 40 a factor of 441240?
True
Is 104705 a multiple of 43?
True
Is 782 a factor of 9043048?
True
Is 400 a factor of 688800?
True
Does 66 divide 727914?
True
Does 35 divide 6685807?
False
Is 113 a factor of 263629?
True
Is 177247 a multiple of 315?
False
Is 24889 a multiple of 6?
False
Is 228735 a multiple of 391?
True
Does 169 divide 99034?
True
Does 16 divide 41179?
False
Is 17783 even?
False
Is 687880 a multiple of 10?
True
Is 3744048 a multiple of 264?
True
Is 23 a factor of 2209600?
False
Is 156 a factor of 318552?
True
Does 145 divide 3423257?
False
Is 4 a factor of 499898?
False
Is 500 a factor of 8392500?
True
Is 157080 a multiple of 56?
True
Is 421392 a multiple of 48?
True
Is 5 a factor of 116419?
False
Is 107958 a multiple of 69?
False
Does 43 divide 351353?
True
Does 5 divide 55485?
True
Is 16 a factor of 1904288?
True
Is 27492 a multiple of 9?
False
Is 1401 a factor of 10172661?
True
Is 8904 a multiple of 4?
True
Does 70 divide 392210?
True
Does 68 divide 991576?
True
Is 99 a factor of 5383090?
False
Is 1040864 a multiple of 352?
True
Does 10 divide 474890?
True
Is 1451 a factor of 7063468?
True
Is 1050833 a multiple of 10?
False
Is 1127 a factor of 11848151?
True
Is 956580 a multiple of 6?
True
Is 31 a factor of 2206978?
False
Is 570 a factor of 1383359?
False
Is 96 a factor of 745536?
True
Does 442 divide 538901?
False
Is 58 a factor of 34643?
False
Is 79 a factor of 96256?
False
Is 2435830 a multiple of 1137?
False
Is 63140 a multiple of 144?
False
Is 23909780 a multiple of 328?
False
Does 30 divide 3774748?
False
Does 114 divide 994263?
False
Is 16 a factor of 8913360?
True
Does 832 divide 6789120?
True
Is 10 a factor of 887410?
True
Does 98 divide 141806?
True
Is 41 a factor of 332872?
False
Does 78 divide 1744626?
True
Is 1623774 a multiple of 1241?
False
Is 27 a factor of 73204?
False
Is 52 a factor of 6916?
True
Does